b380 (base 12) to base 4
203021100
Convert -100014303 (base 5) to base 7.
-3221233
Convert -2303220142 (base 5) to base 9.
-10582470
521bc (base 14) to base 9
331452
Convert 4120387 (base 12) to base 13.
26c4b17
What is -58203 (base 10) in base 11?
-3a802
What is 236b36b (base 12) in base 4?
122023121003
What is 10110210102 (base 3) in base 11?
4740a
-1200011222 (base 3) to base 2
-1000000010101011
32505322 (base 7) to base 2
1010101001100110100000
-14855 (base 12) to base 16
-70c1
What is 1e079 (base 16) in base 3?
20020201121
What is 420233 (base 5) in base 6?
143550
-10120436 (base 7) to base 6
-30041435
Convert -12202200111 (base 3) to base 15.
-23964
12897a6 (base 11) to base 4
20132321311
What is 7d004 (base 16) in base 2?
1111101000000000100
Convert 1b381 (base 14) to base 5.
4204201
-428687 (base 9) to base 7
-2113345
What is 55c785 (base 13) in base 14?
3aa966
-40944 (base 13) to base 10
-115821
What is -13598921 (base 10) in base 7?
-223406000
Convert 2032233211 (base 4) to base 12.
242431
What is 7618036 (base 9) in base 13?
b0123a
-606014 (base 7) to base 2
-11001000111111111
131002 (base 9) to base 16
13667
Convert 55a5e (base 16) to base 4.
1111221132
What is -c05c7 (base 15) in base 2?
-10010100101000101100
63022 (base 8) to base 11
186a5
60eccd (base 16) to base 12
2163b79
-1012202102112 (base 3) to base 2
-10011101011010001011
-221113 (base 9) to base 10
-132042
Convert -300010320 (base 4) to base 7.
-1450053
Convert 1863ab1 (base 13) to base 15.
a78814
4811007 (base 11) to base 9
16707703
78527 (base 15) to base 9
642661
-c3d4 (base 15) to base 11
-290a3
What is 4b765 (base 12) in base 14?
2979b
-52427450 (base 8) to base 9
-22878265
40343 (base 10) to base 16
9d97
-1164364 (base 14) to base 10
-8309508
What is 453225 (base 7) in base 15?
18c39
Convert 4f513 (base 16) to base 11.
2020a9
-11111001101 (base 3) to base 10
-88246
-2e8520 (base 15) to base 14
-42a063
Convert -2433324 (base 7) to base 10.
-310923
Convert -4021022 (base 11) to base 12.
-2472695
1167465 (base 8) to base 6
10533045
175a608 (base 11) to base 7
34245012
What is 3311441 (base 6) in base 13?
5a127
What is -31322300021 (base 4) in base 6?
-210111145
Convert -11232542 (base 7) to base 14.
-1b8322
Convert -5510356 (base 9) to base 6.
-143232253
What is 194552 (base 13) in base 2?
10011011110001011010
-22220012222 (base 3) to base 8
-526021
What is -68937 (base 12) in base 5?
-13431304
-1010100110011111111 (base 2) to base 13
-c2175
-5224774 (base 9) to base 5
-1203320400
Convert 4327a1 (base 11) to base 14.
140147
What is -139959 (base 10) in base 13?
-4b921
3544513 (base 7) to base 8
1553325
Convert 10001011000110011000 (base 2) to base 4.
2023012120
What is 10011023211 (base 4) in base 14?
1dbc21
345152 (base 10) to base 3
122112110102
Convert -3414140 (base 6) to base 2.
-101010010011101100
Convert 30111322 (base 5) to base 8.
721401
What is -2211200444 (base 5) in base 13?
-cb821a
Convert -20200202 (base 3) to base 8.
-11420
Convert 210434402 (base 5) to base 13.
247c8b
Convert -1020121021212 (base 3) to base 2.
-10100001011110100111
513514 (base 7) to base 14
23d7b
Convert -6369 (base 13) to base 9.
-20806
-2122022021 (base 3) to base 12
-260ba
200210 (base 6) to base 15
4970
-1168782 (base 10) to base 7
-12635346
34416274 (base 8) to base 16
721cbc
Convert -141100431 (base 5) to base 2.
-10110000010001000111
What is 2104d (base 14) in base 6?
1412421
What is -261a61 (base 15) in base 12?
-741bb4
-101102001212 (base 3) to base 2
-110010000001100011
What is -62044 (base 9) in base 13?
-157a5
f1a528 (base 16) to base 7
251415266
Convert -10100101101010110110000 (base 2) to base 3.
-101012210201100
26ef4a (base 16) to base 5
1123123001
Convert 130404522 (base 6) to base 13.
6b451b
Convert -1122122112022 (base 3) to base 16.
-d68ef
-102202033 (base 4) to base 11
-52048
What is -66520 (base 14) in base 7?
-2051640
Convert 1001011000000011100011 (base 2) to base 3.
11121212111122
Convert -348a5c (base 13) to base 10.
-1247466
What is ae84 (base 15) in base 3?
1212210021
106222065 (base 8) to base 6
1454524221
What is 160a9 (base 16) in base 4?
112002221
Convert -416420 (base 9) to base 14.
-66289
What is -212410233 (base 5) in base 11?
-568063
Convert -42117 (base 12) to base 10.
-86563
What is 6876a (base 16) in base 11?
272524
What is -1a757 (base 12) in base 7?
-221653
Convert -12304000 (base 5) to base 14.
-3165c
Convert 10011100111000100010110 (base 2) to base 7.
61460430
What is 351492 (base 10) in base 6?
11311140
2025141 (base 7) to base 5
30220033
Convert 431625 (base 8) to base 12.
6b5b1
Convert -10334054 (base 7) to base 6.
-30530002
d3eb1 (base 16) to base 10
868017
Convert 22400336 (base 8) to base 13.
100a672
What is 122756 (base 12) in base 2?
1000111111110110010
3c0c9 (base 15) to base 2
101111000000110100
Convert -2001344410 (base 5) to base 10.
-3934355
Convert -5736a (base 13) to base 4.
-212300323
10001000100110001101 (base 2) to base 4
2020212031
What is 7367507 (base 8) in base 3?
10200200002020
23791 (base 14) to base 8
251043
What is -542102 (base 6) in base 4?
-22313312
1330112033 (base 4) to base 3
221212122222
What is 1741a12 (base 13) in base 2?
11100110001110011000110
Convert 101201222120 (base 3) to base 12.
a2406
What is -20553604 (base 8) in base 11?
-2522197
Convert -36315 (base 9) to base 3.
-1020100112
Convert 188be8 (base 15) to base 6.
41332032
-23a55b (base 13) to base 15
-11c2e0
Convert 2be5 (base 16) to base 6.
124005
-3076320 (base 9) to base 4
-12101211111
1301103102 (base 4) to base 8
1612322
-2779245 (base 11) to base 3
-100000010002222
What is -ba0aa5 (base 15) in base 3?
-121200020002002
What is 206b1 (base 14) in base 4?
103011103
What is 10112220202222 (base 3) in base 8?
7147313
What is 775392 (base 10) in base 9?
1411566
367865 (base 10) to base 11
231423
What is 184674 (base 14) in base 2?
11010001010100111110
-1106420 (base 7) to base 2
-100001011000010100
What is 35b0d (base 15) in base 7?
1312144
Convert -7a3b9 (base 12) to base 6.
-3254353
What is 2101525 (base 9) in base 8?
4221420
What is -3254630 (base 8) in base 16?
-d5998
What is 52bb2b (base 12) in base 2?
100111110111010010011
What is -13286805 (base 9) in base 2?
-11000111111110101001001
5aa434 (base 11) to base 4
3223231320
-4aebd4 (base 15) to base 14
-697910
Convert -1101111101110010111 (base 2) to base 4.
-1233232113
Convert 4211ba (base 12) to base 14.
1d0810
-1556017 (base 8) to base 4
-1231300033
What is 450353 (base 6) in base 9?
56666
What is 4075383 (base 11) in base 10?
7195840
What is 25153537 (base 8) in base 7?
65155243
Convert 403390 (base 16) to base 13.
b44162
Convert aa6a41 (base 15) to base 16.
7bf0c1
Convert -4121147 (base 8) to base 15.
-16801b
What is 10041031 (base 5) in base 11?
55754
What is -103222333 (base 4) in base 3?
-11002112021
What is -1101021012201 (base 3) in base 11?
-461124
-150166 (base 13) to base 5
-112424401
-201646 (base 7) to base 10
-34285
-1111101001010010011010 (base 2) to base 9
-7640801
Convert 1110020201212 (base 3) to base 5.
144210142
-1550177 (base 8) to base 5
-103242331
What is -10011000110011100 (base 2) in base 16?
-1319c
What is -954c1 (base 16) in base 5?
-124032041
Convert -12302320 (base 4) to base 7.
-144100
Convert -10222102211 (base 3) to base 4.
-103013302
What is 301616 (base 9) in base 13?
63264
What is -1025745 (base 8) in base 6?
-5505353
-303831 (base 9) to base 3
-100010221001
Convert 107570 (base 8) to base 14.
d556
What is 11222204 (base 5) in base 4?
120302302
Convert -38c0 (base 15) to base 7.
-50202
Convert -3712612 (base 9) to base 7.
-23065040
What is 1332335 (base 6) in base 11?
50a19
Convert -1222022 (base 7) to base 10.
-156767
-3423031 (base 5) to base 2
-1110111001011000
Convert -2128a25 (base 12) to base 13.
-13ba448
Convert -563105 (base 7) to base 14.
-283ac
Convert -48067 (base 10) to base 15.
-e397
What is -351564 (base 7) in base 5?
-4004220
1100323030 (base 4) to base 8
1207314
What is 20101211202 (base 3) in base 2?
11110110000110010
What is 1495651 (base 11) in base 14?
4a717d
-778251 (base 12) to base 4
-13100021131
-120220113200 (base 4) to base 6
-350220332
Convert 3035540 (base 6) to base 5.
14121030
What is 10101000001101000000 (base 2) in base 7?
